{"id":42,"date":"2020-09-25T16:25:40","date_gmt":"2020-09-25T14:25:40","guid":{"rendered":"http:\/\/descrisdesvilles.org\/?page_id=42"},"modified":"2021-05-26T13:45:02","modified_gmt":"2021-05-26T11:45:02","slug":"nosfanzines","status":"publish","type":"page","link":"https:\/\/descrisdesvilles.org\/index.php\/nosfanzines\/","title":{"rendered":"Nos fanzines"},"content":{"rendered":"\t\t<div data-elementor-type=\"wp-page\" data-elementor-id=\"42\" class=\"elementor elementor-42\" data-elementor-settings=\"[]\">\n\t\t\t\t\t\t<div class=\"elementor-inner\">\n\t\t\t\t\t\t\t<div class=\"elementor-section-wrap\">\n\t\t\t\t\t\t\t<section class=\"elementor-section elementor-top-section elementor-element elementor-element-66e4e8a elementor-section-boxed elementor-section-height-default elementor-section-height-default\" data-id=\"66e4e8a\" data-element_type=\"section\">\n\t\t\t\t\t\t<div class=\"elementor-container elementor-column-gap-default\">\n\t\t\t\t\t\t\t<div class=\"elementor-row\">\n\t\t\t\t\t<div class=\"elementor-column elementor-col-100 elementor-top-column elementor-element elementor-element-802cae5\" data-id=\"802cae5\" data-element_type=\"column\">\n\t\t\t<div class=\"elementor-column-wrap elementor-element-populated\">\n\t\t\t\t\t\t\t<div class=\"elementor-widget-wrap\">\n\t\t\t\t\t\t<div class=\"elementor-element elementor-element-5f6ae6f elementor-widget elementor-widget-heading\" data-id=\"5f6ae6f\" data-element_type=\"widget\" data-widget_type=\"heading.default\">\n\t\t\t\t<div class=\"elementor-widget-container\">\n\t\t\t<h1 class=\"elementor-heading-title elementor-size-default\">Nos fanzines<\/h1>\t\t<\/div>\n\t\t\t\t<\/div>\n\t\t\t\t<div class=\"elementor-element elementor-element-3c62ca8 elementor-widget elementor-widget-text-editor\" data-id=\"3c62ca8\" data-element_type=\"widget\" data-widget_type=\"text-editor.default\">\n\t\t\t\t<div class=\"elementor-widget-container\">\n\t\t\t\t\t<div class=\"elementor-text-editor elementor-clearfix\"><p><b>L&#8217;association publie au fil des saisons des fanzines (des petits journaux auto-\u00e9dit\u00e9s) reprenant les th\u00e9matiques abord\u00e9es lors des cycles d\u2019<\/b><b><b><a href=\"http:\/\/descrisdesvilles.org\/index.php\/nos-demarches-et-outils\/\" target=\"_blank\" rel=\"noopener\">ateliers populaires de la ville<\/a><\/b>. Ces fanzines sont constitu\u00e9s d\u2019articles, photos, bandes dessin\u00e9es, jeux, po\u00e8mes, &#8230; r\u00e9colt\u00e9s \u00e0 la suite d\u2019un appel \u00e0 contributions libres. Si vous souhaitez proposer vos productions pour le prochain num\u00e9ro, n&#8217;h\u00e9sitez pas \u00e0 nous contacter !<\/b><b><br><\/b><\/p><p><b>Vous trouverez ci-dessous les num\u00e9ros d\u00e9j\u00e0 \u00e9dit\u00e9s, en version num\u00e9rique. Si vous pr\u00e9f\u00e9rez une version papier, c\u2019est possible ! Pour cela, n&#8217;h\u00e9sitez pas \u00e0 nous contacter. Les fanzines sont vendus \u00e0 prix libre. Il est \u00e9galement possible de venir en chercher dans nos locaux \u00e0 la Fabrik Coop\u00e9rative si vous \u00eates dans le secteur ! <i>Les 4 premiers num\u00e9ros du Pili ont \u00e9t\u00e9 r\u00e9alis\u00e9s avec des b\u00e9n\u00e9voles et salari\u00e9.es de l&#8217;antenne parisienne de Robins des Villes lorsque celle-ci existait encore. Des cris des villes a repris le flambeau depuis le num\u00e9ro 5.<\/i><\/b>\n<\/p><\/div>\n\t\t\t\t<\/div>\n\t\t\t\t<\/div>\n\t\t\t\t\t\t<\/div>\n\t\t\t\t\t<\/div>\n\t\t<\/div>\n\t\t\t\t\t\t\t\t<\/div>\n\t\t\t\t\t<\/div>\n\t\t<\/section>\n\t\t\t\t<section class=\"elementor-section elementor-top-section elementor-element elementor-element-27e3cbf elementor-section-boxed elementor-section-height-default elementor-section-height-default\" data-id=\"27e3cbf\" data-element_type=\"section\">\n\t\t\t\t\t\t<div class=\"elementor-container elementor-column-gap-default\">\n\t\t\t\t\t\t\t<div class=\"elementor-row\">\n\t\t\t\t\t<div class=\"elementor-column elementor-col-33 elementor-top-column elementor-element elementor-element-1fde998\" data-id=\"1fde998\" data-element_type=\"column\">\n\t\t\t<div class=\"elementor-column-wrap elementor-element-populated\">\n\t\t\t\t\t\t\t<div class=\"elementor-widget-wrap\">\n\t\t\t\t\t\t<div class=\"elementor-element elementor-element-fefb15d elementor-widget elementor-widget-heading\" data-id=\"fefb15d\" data-element_type=\"widget\" data-widget_type=\"heading.default\">\n\t\t\t\t<div class=\"elementor-widget-container\">\n\t\t\t<h3 class=\"elementor-heading-title elementor-size-default\">Num\u00e9ro 1 R\u00e9sistances\n<\/h3>\t\t<\/div>\n\t\t\t\t<\/div>\n\t\t\t\t<div class=\"elementor-element elementor-element-5f98e88 elementor-widget elementor-widget-text-editor\" data-id=\"5f98e88\" data-element_type=\"widget\" data-widget_type=\"text-editor.default\">\n\t\t\t\t<div class=\"elementor-widget-container\">\n\t\t\t\t\t<div class=\"elementor-text-editor elementor-clearfix\"><p><em>Hiver 2017<br \/><\/em><\/p><\/div>\n\t\t\t\t<\/div>\n\t\t\t\t<\/div>\n\t\t\t\t<div class=\"elementor-element elementor-element-f42d37d elementor-widget elementor-widget-text-editor\" data-id=\"f42d37d\" data-element_type=\"widget\" data-widget_type=\"text-editor.default\">\n\t\t\t\t<div class=\"elementor-widget-container\">\n\t\t\t\t\t<div class=\"elementor-text-editor elementor-clearfix\"><p>A lire<a href=\"https:\/\/fr.calameo.com\/read\/006526982185962696b09\"> ici<\/a><\/p><\/div>\n\t\t\t\t<\/div>\n\t\t\t\t<\/div>\n\t\t\t\t<div class=\"elementor-element elementor-element-c555061 elementor-widget elementor-widget-image\" data-id=\"c555061\" data-element_type=\"widget\" data-widget_type=\"image.default\">\n\t\t\t\t<div class=\"elementor-widget-container\">\n\t\t\t\t\t<div class=\"elementor-image\">\n\t\t\t\t\t\t\t\t\t\t<img loading=\"lazy\" decoding=\"async\" width=\"768\" height=\"1100\" src=\"https:\/\/descrisdesvilles.org\/wp-content\/uploads\/2021\/02\/couverture-768x1100.png\" class=\"attachment-medium_large size-medium_large\" alt=\"\" srcset=\"https:\/\/descrisdesvilles.org\/wp-content\/uploads\/2021\/02\/couverture-768x1100.png 768w, https:\/\/descrisdesvilles.org\/wp-content\/uploads\/2021\/02\/couverture-210x300.png 210w, https:\/\/descrisdesvilles.org\/wp-content\/uploads\/2021\/02\/couverture-715x1024.png 715w, https:\/\/descrisdesvilles.org\/wp-content\/uploads\/2021\/02\/couverture-1073x1536.png 1073w, https:\/\/descrisdesvilles.org\/wp-content\/uploads\/2021\/02\/couverture-1431x2048.png 1431w\" sizes=\"(max-width: 768px) 100vw, 768px\" \/>\t\t\t\t\t\t\t\t\t\t\t<\/div>\n\t\t\t\t<\/div>\n\t\t\t\t<\/div>\n\t\t\t\t\t\t<\/div>\n\t\t\t\t\t<\/div>\n\t\t<\/div>\n\t\t\t\t<div class=\"elementor-column elementor-col-33 elementor-top-column elementor-element elementor-element-fe3a0c0\" data-id=\"fe3a0c0\" data-element_type=\"column\">\n\t\t\t<div class=\"elementor-column-wrap elementor-element-populated\">\n\t\t\t\t\t\t\t<div class=\"elementor-widget-wrap\">\n\t\t\t\t\t\t<div class=\"elementor-element elementor-element-4939fd4 elementor-widget elementor-widget-heading\" data-id=\"4939fd4\" data-element_type=\"widget\" data-widget_type=\"heading.default\">\n\t\t\t\t<div class=\"elementor-widget-container\">\n\t\t\t<h3 class=\"elementor-heading-title elementor-size-default\">Num\u00e9ro 2 Villes Sauvages<\/h3>\t\t<\/div>\n\t\t\t\t<\/div>\n\t\t\t\t<div class=\"elementor-element elementor-element-6446041 elementor-widget elementor-widget-text-editor\" data-id=\"6446041\" data-element_type=\"widget\" data-widget_type=\"text-editor.default\">\n\t\t\t\t<div class=\"elementor-widget-container\">\n\t\t\t\t\t<div class=\"elementor-text-editor elementor-clearfix\"><p><em>Hiver 2018\/19<\/em><\/p><\/div>\n\t\t\t\t<\/div>\n\t\t\t\t<\/div>\n\t\t\t\t<div class=\"elementor-element elementor-element-3de7e7c elementor-widget elementor-widget-text-editor\" data-id=\"3de7e7c\" data-element_type=\"widget\" data-widget_type=\"text-editor.default\">\n\t\t\t\t<div class=\"elementor-widget-container\">\n\t\t\t\t\t<div class=\"elementor-text-editor elementor-clearfix\"><p>A lire<a href=\"https:\/\/fr.calameo.com\/read\/006526982a5a247066ac7\"> ici<\/a><\/p><\/div>\n\t\t\t\t<\/div>\n\t\t\t\t<\/div>\n\t\t\t\t<div class=\"elementor-element elementor-element-ab89245 elementor-widget elementor-widget-image\" data-id=\"ab89245\" data-element_type=\"widget\" data-widget_type=\"image.default\">\n\t\t\t\t<div class=\"elementor-widget-container\">\n\t\t\t\t\t<div class=\"elementor-image\">\n\t\t\t\t\t\t\t\t\t\t<img loading=\"lazy\" decoding=\"async\" width=\"768\" height=\"1096\" src=\"https:\/\/descrisdesvilles.org\/wp-content\/uploads\/2021\/02\/couverture-2-768x1096.png\" class=\"attachment-medium_large size-medium_large\" alt=\"\" srcset=\"https:\/\/descrisdesvilles.org\/wp-content\/uploads\/2021\/02\/couverture-2-768x1096.png 768w, https:\/\/descrisdesvilles.org\/wp-content\/uploads\/2021\/02\/couverture-2-210x300.png 210w, https:\/\/descrisdesvilles.org\/wp-content\/uploads\/2021\/02\/couverture-2-717x1024.png 717w, https:\/\/descrisdesvilles.org\/wp-content\/uploads\/2021\/02\/couverture-2-1076x1536.png 1076w, https:\/\/descrisdesvilles.org\/wp-content\/uploads\/2021\/02\/couverture-2-1435x2048.png 1435w\" sizes=\"(max-width: 768px) 100vw, 768px\" \/>\t\t\t\t\t\t\t\t\t\t\t<\/div>\n\t\t\t\t<\/div>\n\t\t\t\t<\/div>\n\t\t\t\t\t\t<\/div>\n\t\t\t\t\t<\/div>\n\t\t<\/div>\n\t\t\t\t<div class=\"elementor-column elementor-col-33 elementor-top-column elementor-element elementor-element-a1fc548\" data-id=\"a1fc548\" data-element_type=\"column\">\n\t\t\t<div class=\"elementor-column-wrap elementor-element-populated\">\n\t\t\t\t\t\t\t<div class=\"elementor-widget-wrap\">\n\t\t\t\t\t\t<div class=\"elementor-element elementor-element-3a1d63c elementor-widget elementor-widget-heading\" data-id=\"3a1d63c\" data-element_type=\"widget\" data-widget_type=\"heading.default\">\n\t\t\t\t<div class=\"elementor-widget-container\">\n\t\t\t<h3 class=\"elementor-heading-title elementor-size-default\">Num\u00e9ro 3 Utopies\n<\/h3>\t\t<\/div>\n\t\t\t\t<\/div>\n\t\t\t\t<div class=\"elementor-element elementor-element-8e4e775 elementor-widget elementor-widget-text-editor\" data-id=\"8e4e775\" data-element_type=\"widget\" data-widget_type=\"text-editor.default\">\n\t\t\t\t<div class=\"elementor-widget-container\">\n\t\t\t\t\t<div class=\"elementor-text-editor elementor-clearfix\"><p><em>Et\u00e9 2019<\/em><\/p><\/div>\n\t\t\t\t<\/div>\n\t\t\t\t<\/div>\n\t\t\t\t<div class=\"elementor-element elementor-element-45100a9 elementor-widget elementor-widget-text-editor\" data-id=\"45100a9\" data-element_type=\"widget\" data-widget_type=\"text-editor.default\">\n\t\t\t\t<div class=\"elementor-widget-container\">\n\t\t\t\t\t<div class=\"elementor-text-editor elementor-clearfix\"><p>A lire<a href=\"https:\/\/fr.calameo.com\/read\/00652698213eae1cbb958\"> ici<\/a><\/p><\/div>\n\t\t\t\t<\/div>\n\t\t\t\t<\/div>\n\t\t\t\t<div class=\"elementor-element elementor-element-b97c1d1 elementor-widget elementor-widget-image\" data-id=\"b97c1d1\" data-element_type=\"widget\" data-widget_type=\"image.default\">\n\t\t\t\t<div class=\"elementor-widget-container\">\n\t\t\t\t\t<div class=\"elementor-image\">\n\t\t\t\t\t\t\t\t\t\t<img loading=\"lazy\" decoding=\"async\" width=\"768\" height=\"1062\" src=\"https:\/\/descrisdesvilles.org\/wp-content\/uploads\/2021\/02\/couverture-1-768x1062.png\" class=\"attachment-medium_large size-medium_large\" alt=\"\" srcset=\"https:\/\/descrisdesvilles.org\/wp-content\/uploads\/2021\/02\/couverture-1-768x1062.png 768w, https:\/\/descrisdesvilles.org\/wp-content\/uploads\/2021\/02\/couverture-1-217x300.png 217w, https:\/\/descrisdesvilles.org\/wp-content\/uploads\/2021\/02\/couverture-1-740x1024.png 740w, https:\/\/descrisdesvilles.org\/wp-content\/uploads\/2021\/02\/couverture-1-1111x1536.png 1111w, https:\/\/descrisdesvilles.org\/wp-content\/uploads\/2021\/02\/couverture-1-1481x2048.png 1481w\" sizes=\"(max-width: 768px) 100vw, 768px\" \/>\t\t\t\t\t\t\t\t\t\t\t<\/div>\n\t\t\t\t<\/div>\n\t\t\t\t<\/div>\n\t\t\t\t\t\t<\/div>\n\t\t\t\t\t<\/div>\n\t\t<\/div>\n\t\t\t\t\t\t\t\t<\/div>\n\t\t\t\t\t<\/div>\n\t\t<\/section>\n\t\t\t\t<section class=\"elementor-section elementor-top-section elementor-element elementor-element-64f258e elementor-section-boxed elementor-section-height-default elementor-section-height-default\" data-id=\"64f258e\" data-element_type=\"section\">\n\t\t\t\t\t\t<div class=\"elementor-container elementor-column-gap-default\">\n\t\t\t\t\t\t\t<div class=\"elementor-row\">\n\t\t\t\t\t<div class=\"elementor-column elementor-col-100 elementor-top-column elementor-element elementor-element-beb8d72\" data-id=\"beb8d72\" data-element_type=\"column\">\n\t\t\t<div class=\"elementor-column-wrap elementor-element-populated\">\n\t\t\t\t\t\t\t<div class=\"elementor-widget-wrap\">\n\t\t\t\t\t\t<div class=\"elementor-element elementor-element-6ad67cf elementor-widget elementor-widget-spacer\" data-id=\"6ad67cf\" data-element_type=\"widget\" data-widget_type=\"spacer.default\">\n\t\t\t\t<div class=\"elementor-widget-container\">\n\t\t\t\t\t<div class=\"elementor-spacer\">\n\t\t\t<div class=\"elementor-spacer-inner\"><\/div>\n\t\t<\/div>\n\t\t\t\t<\/div>\n\t\t\t\t<\/div>\n\t\t\t\t\t\t<\/div>\n\t\t\t\t\t<\/div>\n\t\t<\/div>\n\t\t\t\t\t\t\t\t<\/div>\n\t\t\t\t\t<\/div>\n\t\t<\/section>\n\t\t\t\t<section class=\"elementor-section elementor-top-section elementor-element elementor-element-a823569 elementor-section-boxed elementor-section-height-default elementor-section-height-default\" data-id=\"a823569\" data-element_type=\"section\">\n\t\t\t\t\t\t<div class=\"elementor-container elementor-column-gap-default\">\n\t\t\t\t\t\t\t<div class=\"elementor-row\">\n\t\t\t\t\t<div class=\"elementor-column elementor-col-33 elementor-top-column elementor-element elementor-element-9d67a06\" data-id=\"9d67a06\" data-element_type=\"column\">\n\t\t\t<div class=\"elementor-column-wrap elementor-element-populated\">\n\t\t\t\t\t\t\t<div class=\"elementor-widget-wrap\">\n\t\t\t\t\t\t<div class=\"elementor-element elementor-element-bbe272e elementor-widget elementor-widget-heading\" data-id=\"bbe272e\" data-element_type=\"widget\" data-widget_type=\"heading.default\">\n\t\t\t\t<div class=\"elementor-widget-container\">\n\t\t\t<h3 class=\"elementor-heading-title elementor-size-default\">Num\u00e9ro 4 Ville Sonore\n<\/h3>\t\t<\/div>\n\t\t\t\t<\/div>\n\t\t\t\t<div class=\"elementor-element elementor-element-0840ad7 elementor-widget elementor-widget-text-editor\" data-id=\"0840ad7\" data-element_type=\"widget\" data-widget_type=\"text-editor.default\">\n\t\t\t\t<div class=\"elementor-widget-container\">\n\t\t\t\t\t<div class=\"elementor-text-editor elementor-clearfix\"><p><em>Printemps 2020<br \/><\/em><\/p><\/div>\n\t\t\t\t<\/div>\n\t\t\t\t<\/div>\n\t\t\t\t<div class=\"elementor-element elementor-element-7b9bd0a elementor-widget elementor-widget-text-editor\" data-id=\"7b9bd0a\" data-element_type=\"widget\" data-widget_type=\"text-editor.default\">\n\t\t\t\t<div class=\"elementor-widget-container\">\n\t\t\t\t\t<div class=\"elementor-text-editor elementor-clearfix\"><p>A lire<a href=\"https:\/\/fr.calameo.com\/read\/00652698292a2bde7cd50\"> ici<\/a><\/p><\/div>\n\t\t\t\t<\/div>\n\t\t\t\t<\/div>\n\t\t\t\t<div class=\"elementor-element elementor-element-5eecd92 elementor-widget elementor-widget-image\" data-id=\"5eecd92\" data-element_type=\"widget\" data-widget_type=\"image.default\">\n\t\t\t\t<div class=\"elementor-widget-container\">\n\t\t\t\t\t<div class=\"elementor-image\">\n\t\t\t\t\t\t\t\t\t\t<img loading=\"lazy\" decoding=\"async\" width=\"768\" height=\"1090\" src=\"https:\/\/descrisdesvilles.org\/wp-content\/uploads\/2021\/02\/couverture-3-768x1090.png\" class=\"attachment-medium_large size-medium_large\" alt=\"\" srcset=\"https:\/\/descrisdesvilles.org\/wp-content\/uploads\/2021\/02\/couverture-3-768x1090.png 768w, https:\/\/descrisdesvilles.org\/wp-content\/uploads\/2021\/02\/couverture-3-211x300.png 211w, https:\/\/descrisdesvilles.org\/wp-content\/uploads\/2021\/02\/couverture-3-722x1024.png 722w, https:\/\/descrisdesvilles.org\/wp-content\/uploads\/2021\/02\/couverture-3-1083x1536.png 1083w, https:\/\/descrisdesvilles.org\/wp-content\/uploads\/2021\/02\/couverture-3-1443x2048.png 1443w\" sizes=\"(max-width: 768px) 100vw, 768px\" \/>\t\t\t\t\t\t\t\t\t\t\t<\/div>\n\t\t\t\t<\/div>\n\t\t\t\t<\/div>\n\t\t\t\t\t\t<\/div>\n\t\t\t\t\t<\/div>\n\t\t<\/div>\n\t\t\t\t<div class=\"elementor-column elementor-col-33 elementor-top-column elementor-element elementor-element-2d72f07\" data-id=\"2d72f07\" data-element_type=\"column\">\n\t\t\t<div class=\"elementor-column-wrap elementor-element-populated\">\n\t\t\t\t\t\t\t<div class=\"elementor-widget-wrap\">\n\t\t\t\t\t\t<div class=\"elementor-element elementor-element-2de0681 elementor-widget elementor-widget-heading\" data-id=\"2de0681\" data-element_type=\"widget\" data-widget_type=\"heading.default\">\n\t\t\t\t<div class=\"elementor-widget-container\">\n\t\t\t<h3 class=\"elementor-heading-title elementor-size-default\">Num\u00e9ro 5 Ville et genre\n<\/h3>\t\t<\/div>\n\t\t\t\t<\/div>\n\t\t\t\t<div class=\"elementor-element elementor-element-7bbd187 elementor-widget elementor-widget-text-editor\" data-id=\"7bbd187\" data-element_type=\"widget\" data-widget_type=\"text-editor.default\">\n\t\t\t\t<div class=\"elementor-widget-container\">\n\t\t\t\t\t<div class=\"elementor-text-editor elementor-clearfix\"><p><em>Hiver 2021<br><\/em><\/p><\/div>\n\t\t\t\t<\/div>\n\t\t\t\t<\/div>\n\t\t\t\t<div class=\"elementor-element elementor-element-d920445 elementor-widget elementor-widget-text-editor\" data-id=\"d920445\" data-element_type=\"widget\" data-widget_type=\"text-editor.default\">\n\t\t\t\t<div class=\"elementor-widget-container\">\n\t\t\t\t\t<div class=\"elementor-text-editor elementor-clearfix\"><p>A lire<a href=\"https:\/\/fr.calameo.com\/read\/0065269820696f98e02e5\"> ici<\/a><\/p><\/div>\n\t\t\t\t<\/div>\n\t\t\t\t<\/div>\n\t\t\t\t<div class=\"elementor-element elementor-element-c7c576c elementor-widget elementor-widget-image\" data-id=\"c7c576c\" data-element_type=\"widget\" data-widget_type=\"image.default\">\n\t\t\t\t<div class=\"elementor-widget-container\">\n\t\t\t\t\t<div class=\"elementor-image\">\n\t\t\t\t\t\t\t\t\t\t<img loading=\"lazy\" decoding=\"async\" width=\"768\" height=\"1088\" src=\"https:\/\/descrisdesvilles.org\/wp-content\/uploads\/2021\/02\/couverture-4-768x1088.png\" class=\"attachment-medium_large size-medium_large\" alt=\"\" srcset=\"https:\/\/descrisdesvilles.org\/wp-content\/uploads\/2021\/02\/couverture-4-768x1088.png 768w, https:\/\/descrisdesvilles.org\/wp-content\/uploads\/2021\/02\/couverture-4-212x300.png 212w, https:\/\/descrisdesvilles.org\/wp-content\/uploads\/2021\/02\/couverture-4-723x1024.png 723w, https:\/\/descrisdesvilles.org\/wp-content\/uploads\/2021\/02\/couverture-4-1085x1536.png 1085w, https:\/\/descrisdesvilles.org\/wp-content\/uploads\/2021\/02\/couverture-4-1446x2048.png 1446w\" sizes=\"(max-width: 768px) 100vw, 768px\" \/>\t\t\t\t\t\t\t\t\t\t\t<\/div>\n\t\t\t\t<\/div>\n\t\t\t\t<\/div>\n\t\t\t\t\t\t<\/div>\n\t\t\t\t\t<\/div>\n\t\t<\/div>\n\t\t\t\t<div class=\"elementor-column elementor-col-33 elementor-top-column elementor-element elementor-element-bdb3f76\" data-id=\"bdb3f76\" data-element_type=\"column\">\n\t\t\t<div class=\"elementor-column-wrap\">\n\t\t\t\t\t\t\t<div class=\"elementor-widget-wrap\">\n\t\t\t\t\t\t\t\t<\/div>\n\t\t\t\t\t<\/div>\n\t\t<\/div>\n\t\t\t\t\t\t\t\t<\/div>\n\t\t\t\t\t<\/div>\n\t\t<\/section>\n\t\t\t\t\t\t<\/div>\n\t\t\t\t\t\t<\/div>\n\t\t\t\t\t<\/div>\n\t\t","protected":false},"excerpt":{"rendered":"<p>Nos fanzines L&#8217;association publie au fil des saisons des fanzines (des petits journaux auto-\u00e9dit\u00e9s) reprenant les th\u00e9matiques abord\u00e9es lors des cycles d\u2019ateliers populaires de la ville. Ces fanzines sont constitu\u00e9s d\u2019articles, photos, bandes dessin\u00e9es, jeux, po\u00e8mes, &#8230; r\u00e9colt\u00e9s \u00e0 la suite d\u2019un appel \u00e0 contributions libres. Si vous souhaitez proposer vos productions pour le prochain [&hellip;]<\/p>\n","protected":false},"author":1,"featured_media":0,"parent":0,"menu_order":0,"comment_status":"closed","ping_status":"closed","template":"","meta":{"footnotes":""},"_links":{"self":[{"href":"https:\/\/descrisdesvilles.org\/index.php\/wp-json\/wp\/v2\/pages\/42"}],"collection":[{"href":"https:\/\/descrisdesvilles.org\/index.php\/wp-json\/wp\/v2\/pages"}],"about":[{"href":"https:\/\/descrisdesvilles.org\/index.php\/wp-json\/wp\/v2\/types\/page"}],"author":[{"embeddable":true,"href":"https:\/\/descrisdesvilles.org\/index.php\/wp-json\/wp\/v2\/users\/1"}],"replies":[{"embeddable":true,"href":"https:\/\/descrisdesvilles.org\/index.php\/wp-json\/wp\/v2\/comments?post=42"}],"version-history":[{"count":13,"href":"https:\/\/descrisdesvilles.org\/index.php\/wp-json\/wp\/v2\/pages\/42\/revisions"}],"predecessor-version":[{"id":797,"href":"https:\/\/descrisdesvilles.org\/index.php\/wp-json\/wp\/v2\/pages\/42\/revisions\/797"}],"wp:attachment":[{"href":"https:\/\/descrisdesvilles.org\/index.php\/wp-json\/wp\/v2\/media?parent=42"}],"curies":[{"name":"wp","href":"https:\/\/api.w.org\/{rel}","templated":true}]}}